{"id":139,"date":"2024-10-13T18:08:56","date_gmt":"2024-10-13T18:08:56","guid":{"rendered":"http:\/\/tradition.pl\/?page_id=139"},"modified":"2026-03-22T17:11:46","modified_gmt":"2026-03-22T17:11:46","slug":"malin-domy-wolnostojace","status":"publish","type":"page","link":"https:\/\/tradition.pl\/index.php\/malin-domy-wolnostojace\/","title":{"rendered":"Malin &#8211; domy bli\u017aniacze jak wolnostoj\u0105ce"},"content":{"rendered":"\n<p id=\"block-593e517d-4500-4ffc-93b1-abc4191aba3e\">Przedstawiamy nasz\u0105 kolejn\u0105 inwestycj\u0119 na p\u00f3\u0142nocy Wroc\u0142awia. Sze\u015b\u0107 ekonomicznych dom\u00f3w bli\u017aniaczych, ale stykaj\u0105ce si\u0119 tylko kot\u0142owni\u0105, co powoduje, \u017ce funkcjonalnie spe\u0142niaj\u0105 oczekiwania Klient\u00f3w por\u00f3wnywalnie do dom\u00f3w wolnostoj\u0105cych. Wszystkie wyposa\u017cone w pompy ciep\u0142a. Oddane b\u0119d\u0105 z pe\u0142nym zagospodarowaniem &#8211; ogrodzone, wybrukowane podjazdy i podej\u015bcia.<\/p>\n\n\n\n<p id=\"block-e73fe70b-a950-450e-9aaa-d5f92f66f772\">Inwestycja znajduje si\u0119 w trzeciej linii zabudowy od ulicy G\u0142\u00f3wnej, pomi\u0119dzy innymi domami wolnostoj\u0105cymi, co zapewnia mi\u0142e poczucie prywatno\u015bci na ogrodzie. Dodatkowo w bardzo bliskiej odleg\u0142o\u015bci jest park z jeziorem oraz las.<\/p>\n\n\n\n<h2 class=\"wp-block-heading\" id=\"block-4c64359c-1485-4d97-9451-cfd5d8ed647f\">Wizualizacje<\/h2>\n\n\n\n<h2 class=\"wp-block-heading\" id=\"block-80b8691f-4889-4f5c-9aa4-23539d5ab4d5\">Komunikacja<\/h2>\n\n\n\n<p id=\"block-d6c4af4b-7143-4e9c-a928-96a57dc53729\">Do Wroc\u0142awia mo\u017cna dojecha\u0107 na kilka sposob\u00f3w:<\/p>\n\n\n\n<ul id=\"block-b13c59f0-c195-4fb6-965c-a1225a4324c3\" class=\"wp-block-list\">\n<li>autem do centrum oko\u0142o 20 minut (dzi\u0119ki blisko\u015bci autostrady)<\/li>\n\n\n\n<li>autobus podmiejski, kt\u00f3ry w 15 minut doje\u017cd\u017ca do Marino lub w 25 minut do Dworca Nadodrze<\/li>\n\n\n\n<li>bus gminny, kt\u00f3ry kursuje podobnie jak autobus podmiejski, ale jest znacznie wygodniejszy (auta to Mercedesy Sprintery)<\/li>\n<\/ul>\n\n\n\n<p id=\"block-f89fff1f-1c85-410a-a0be-f28983167738\">Dodatkowo do pobliskiej szko\u0142y dzieci zabiera autobus szkolny, kt\u00f3ry r\u00f3wnie\u017c po zaj\u0119ciach odwozi uczni\u00f3w na przystanek przy osiedlu.<\/p>\n\n\n\n<h2 class=\"wp-block-heading\" id=\"block-905fe974-92d3-4d38-851b-9649d3258714\">Uk\u0142ad osiedla<\/h2>\n\n\n\n<p><\/p>\n\n\n\n<h2 class=\"wp-block-heading\" id=\"block-4a474f0a-cd4d-4ad6-a891-18275f6abd6f\">Dost\u0119pne domy<\/h2>\n\n\n\n<ul id=\"block-8ce29472-0323-423f-b4d0-98776e74c8dc\" class=\"wp-block-list\">\n<li>Zosta\u0142y dwa z sze\u015bciu dom\u00f3w w cenie 999.000 PLN<\/li>\n<\/ul>\n\n\n\n<h2 class=\"wp-block-heading\" id=\"block-61038ed0-70ce-41bf-8c9f-7fd6874bda29\">Rzuty<\/h2>\n\n\n\n<p id=\"block-b3c379fe-22dd-4960-8a7e-e6d9c992636c\">Parter<\/p>\n\n\n\n<figure class=\"wp-block-image size-full\" id=\"block-6d787429-a41c-4ee2-a42d-c765d14e1f99\"><img loading=\"lazy\" decoding=\"async\" width=\"1026\" height=\"727\" src=\"https:\/\/tradition.pl\/wp-content\/uploads\/2026\/02\/Malin-3-Parter.png\" alt=\"\" class=\"wp-image-395\" srcset=\"https:\/\/tradition.pl\/wp-content\/uploads\/2026\/02\/Malin-3-Parter.png 1026w, https:\/\/tradition.pl\/wp-content\/uploads\/2026\/02\/Malin-3-Parter-300x213.png 300w, https:\/\/tradition.pl\/wp-content\/uploads\/2026\/02\/Malin-3-Parter-1024x726.png 1024w, https:\/\/tradition.pl\/wp-content\/uploads\/2026\/02\/Malin-3-Parter-768x544.png 768w\" sizes=\"auto, (max-width: 1026px) 100vw, 1026px\" \/><\/figure>\n\n\n\n<p id=\"block-22b1bac0-cba1-4ddb-b9af-4a524ce4730e\">Pi\u0119tro<\/p>\n\n\n\n<figure class=\"wp-block-image size-full\" id=\"block-74c42a5f-3da1-42f5-a784-77cf4b8450b8\"><img loading=\"lazy\" decoding=\"async\" width=\"1023\" height=\"722\" src=\"https:\/\/tradition.pl\/wp-content\/uploads\/2026\/02\/Malin-3-Pietro.png\" alt=\"\" class=\"wp-image-397\" srcset=\"https:\/\/tradition.pl\/wp-content\/uploads\/2026\/02\/Malin-3-Pietro.png 1023w, https:\/\/tradition.pl\/wp-content\/uploads\/2026\/02\/Malin-3-Pietro-300x212.png 300w, https:\/\/tradition.pl\/wp-content\/uploads\/2026\/02\/Malin-3-Pietro-768x542.png 768w\" sizes=\"auto, (max-width: 1023px) 100vw, 1023px\" \/><\/figure>\n\n\n\n<p id=\"block-73efb75a-c1fc-420a-892c-86dc896b4f00\"><\/p>\n\n\n\n<h2 class=\"wp-block-heading\" id=\"block-a22f77f6-eee7-45a5-ba75-56a3c06b0205\">Wielko\u015bci dzia\u0142ek<\/h2>\n\n\n\n<p>Od ko\u0142o 300 &#8211; 500 mkw ka\u017cda.<\/p>\n\n\n\n<h2 class=\"wp-block-heading\" id=\"block-05edba48-7c6a-41e5-9459-9c27fb0878e0\">Zdj\u0119cia z budowy<\/h2>\n\n\n\n<h2 class=\"wp-block-heading\" id=\"block-c6d1c49b-643d-410b-972d-da7d9103b249\">Lokalizacja<\/h2>\n\n\n\n<p id=\"block-f054b39b-19a8-4155-bd04-105adb64604e\">Malin okolice skrzy\u017cowania ul. G\u0142\u00f3wnej i ul. Tenisowej.<\/p>\n\n\n\n<p>Pinezka: <a href=\"https:\/\/maps.app.goo.gl\/CyYNUFRBN4e8is7z5\">https:\/\/maps.app.goo.gl\/CyYNUFRBN4e8is7z5<\/a><\/p>\n\n\n\n<p><\/p>\n","protected":false},"excerpt":{"rendered":"<p>Przedstawiamy nasz\u0105 kolejn\u0105 inwestycj\u0119 na p\u00f3\u0142nocy Wroc\u0142awia. Sze\u015b\u0107 ekonomicznych dom\u00f3w bli\u017aniaczych, ale stykaj\u0105ce si\u0119 tylko kot\u0142owni\u0105, co powoduje, \u017ce funkcjonalnie spe\u0142niaj\u0105 oczekiwania Klient\u00f3w por\u00f3wnywalnie do dom\u00f3w wolnostoj\u0105cych. Wszystkie wyposa\u017cone w pompy ciep\u0142a. Oddane b\u0119d\u0105 z pe\u0142nym zagospodarowaniem &#8211; ogrodzone, wybrukowane podjazdy i podej\u015bcia. Inwestycja znajduje si\u0119 w trzeciej linii zabudowy od ulicy G\u0142\u00f3wnej, pomi\u0119dzy innymi [&hellip;]<\/p>\n","protected":false},"author":1,"featured_media":0,"parent":0,"menu_order":0,"comment_status":"closed","ping_status":"closed","template":"","meta":{"footnotes":""},"class_list":["post-139","page","type-page","status-publish","hentry"],"_links":{"self":[{"href":"https:\/\/tradition.pl\/index.php\/wp-json\/wp\/v2\/pages\/139","targetHints":{"allow":["GET"]}}],"collection":[{"href":"https:\/\/tradition.pl\/index.php\/wp-json\/wp\/v2\/pages"}],"about":[{"href":"https:\/\/tradition.pl\/index.php\/wp-json\/wp\/v2\/types\/page"}],"author":[{"embeddable":true,"href":"https:\/\/tradition.pl\/index.php\/wp-json\/wp\/v2\/users\/1"}],"replies":[{"embeddable":true,"href":"https:\/\/tradition.pl\/index.php\/wp-json\/wp\/v2\/comments?post=139"}],"version-history":[{"count":6,"href":"https:\/\/tradition.pl\/index.php\/wp-json\/wp\/v2\/pages\/139\/revisions"}],"predecessor-version":[{"id":412,"href":"https:\/\/tradition.pl\/index.php\/wp-json\/wp\/v2\/pages\/139\/revisions\/412"}],"wp:attachment":[{"href":"https:\/\/tradition.pl\/index.php\/wp-json\/wp\/v2\/media?parent=139"}],"curies":[{"name":"wp","href":"https:\/\/api.w.org\/{rel}","templated":true}]}}